prime factors of 929792?
2, 227
List the prime factors of 275538.
2, 3, 19, 2417
What are the prime factors of 4761975?
3, 5, 63493
List the prime factors of 2118254.
2, 23, 46049
List the prime factors of 271055.
5, 23, 2357
List the prime factors of 1330464.
2, 3, 13859
List the prime factors of 446197.
446197
List the prime factors of 17107395.
3, 5, 1140493
What are the prime factors of 307964?
2, 76991
What are the prime factors of 120931?
31, 47, 83
List the prime factors of 17242563.
3, 13, 71, 479
List the prime factors of 266317.
23, 11579
List the prime factors of 3911526.
2, 3, 217307
What are the prime factors of 7669050?
2, 3, 5, 29, 41, 43
List the prime factors of 81600.
2, 3, 5, 17
What are the prime factors of 179259?
3, 59753
What are the prime factors of 593153?
11, 53923
List the prime factors of 464036.
2, 116009
What are the prime factors of 189169?
189169
List the prime factors of 501969.
3, 13, 61, 211
What are the prime factors of 1428025?
5, 239
What are the prime factors of 148526?
2, 7, 103
What are the prime factors of 48231?
3, 23, 233
List the prime factors of 1879476.
2, 3, 156623
List the prime factors of 8625951.
3, 958439
List the prime factors of 241249.
241249
List the prime factors of 2690001.
3, 19, 15731
What are the prime factors of 3484481?
7, 11, 13, 59
What are the prime factors of 6480006?
2, 3, 13, 83077
List the prime factors of 396605.
5, 11, 7211
List the prime factors of 1001768.
2, 125221
What are the prime factors of 21143011?
577, 36643
List the prime factors of 377083.
7, 103, 523
List the prime factors of 8343298.
2, 431, 9679
List the prime factors of 1010471.
7, 11, 1193
List the prime factors of 230509.
353, 653
List the prime factors of 3084312.
2, 3, 7, 11, 1669
List the prime factors of 3168626.
2, 587, 2699
What are the prime factors of 771077?
19, 40583
What are the prime factors of 431324?
2, 17, 6343
What are the prime factors of 1463190?
2, 3, 5, 17, 19, 151
What are the prime factors of 11993403?
3, 3997801
List the prime factors of 1005924.
2, 3, 17, 4931
List the prime factors of 604449.
3, 61, 367
What are the prime factors of 9776578?
2, 7, 99761
List the prime factors of 5586910.
2, 5, 7, 79813
List the prime factors of 183961.
71, 2591
List the prime factors of 231993.
3, 149, 173
What are the prime factors of 10108313?
10108313
List the prime factors of 1029067.
13, 79159
What are the prime factors of 4260894?
2, 3, 11, 5869
List the prime factors of 3123022.
2, 7, 37, 6029
What are the prime factors of 595200?
2, 3, 5, 31
What are the prime factors of 771901?
13, 59377
What are the prime factors of 743287?
31, 23977
List the prime factors of 2147175.
3, 5, 3181
List the prime factors of 324836.
2, 17, 281
List the prime factors of 8287725.
3, 5, 110503
What are the prime factors of 17959061?
613, 29297
What are the prime factors of 1133537?
1133537
List the prime factors of 369810.
2, 3, 5, 7, 587
List the prime factors of 409082.
2, 137, 1493
What are the prime factors of 256776?
2, 3, 13, 823
What are the prime factors of 2307735?
3, 5, 51283
List the prime factors of 1669756.
2, 11, 137, 277
List the prime factors of 2611822.
2, 97, 13463
What are the prime factors of 84887?
11, 7717
What are the prime factors of 12751147?
19, 47, 109, 131
List the prime factors of 559606.
2, 17, 109, 151
What are the prime factors of 9466976?
2, 295843
What are the prime factors of 429615?
3, 5, 9547
List the prime factors of 1725646.
2, 13, 31, 2141
What are the prime factors of 574750?
2, 5, 11, 19
List the prime factors of 1720488.
2, 3, 7, 11, 19
What are the prime factors of 59455?
5, 11, 23, 47
List the prime factors of 368782.
2, 23, 8017
What are the prime factors of 14903?
7, 2129
What are the prime factors of 674744?
2, 7, 12049
List the prime factors of 110319.
3, 11, 3343
List the prime factors of 246357.
3, 31, 883
What are the prime factors of 107013?
3, 35671
What are the prime factors of 3251136?
2, 3, 7, 41, 59
What are the prime factors of 205045?
5, 23, 1783
List the prime factors of 157008.
2, 3, 3271
List the prime factors of 11692543.
19, 227, 2711
List the prime factors of 936168.
2, 3, 19, 2053
List the prime factors of 106310.
2, 5, 10631
What are the prime factors of 197034?
2, 3, 32839
List the prime factors of 103208.
2, 7, 19, 97
List the prime factors of 636376.
2, 13, 29, 211
What are the prime factors of 16627326?
2, 3, 17, 43, 223
What are the prime factors of 7320741?
3, 2440247
List the prime factors of 7092234.
2, 3, 23, 37, 463
List the prime factors of 102061.
102061
List the prime factors of 467133.
3, 47, 3313
List the prime factors of 1431613.
1431613
What are the prime factors of 424779?
3, 17, 8329
List the prime factors of 41205.
3, 5, 41, 67
What are the prime factors of 268047?
3, 13, 29, 79
What are the prime factors of 63808?
2, 997
List the prime factors of 3416381.
3416381
List the prime factors of 241901.
11, 21991
List the prime factors of 2497851.
3, 71, 1303
What are the prime factors of 13521803?
811, 16673
What are the prime factors of 11816582?
2, 443, 13337
What are the prime factors of 1591623?
3, 11, 23, 233
What are the prime factors of 1091899?
43, 67, 379
List the prime factors of 3785420.
2, 5, 189271
What are the prime factors of 19076927?
1283, 14869
What are the prime factors of 2755245?
3, 5, 183683
List the prime factors of 341110.
2, 5, 7, 11, 443
What are the prime factors of 31747866?
2, 3, 23, 29, 7933
List the prime factors of 10618643.
7, 59, 3673
List the prime factors of 23498997.
3, 7832999
List the prime factors of 6255022.
2, 347, 9013
What are the prime factors of 660851?
660851
List the prime factors of 2984943.
3, 13, 76537
List the prime factors of 2654221.
2654221
What are the prime factors of 5841878?
2, 7, 59611
What are the prime factors of 21679589?
19, 1141031
List the prime factors of 18868215.
3, 5, 17, 61, 1213
List the prime factors of 3320572.
2, 830143
What are the prime factors of 22044410?
2, 5, 17, 31, 47, 89
What are the prime factors of 1988975?
5, 79559
What are the prime factors of 154114?
2, 251, 307
What are the prime factors of 402249?
3, 19, 7057
What are the prime factors of 3091306?
2, 1545653
List the prime factors of 1428964.
2, 357241
List the prime factors of 20000225.
5, 7, 23, 4969
List the prime factors of 5361749.
17, 197, 1601
What are the prime factors of 2529545?
5, 101, 5009
What are the prime factors of 107356?
2, 26839
What are the prime factors of 85675?
5, 23, 149
List the prime factors of 381109.
43, 8863
List the prime factors of 803240.
2, 5, 43, 467
What are the prime factors of 273638?
2, 19, 379
What are the prime factors of 264346?
2, 132173
List the prime factors of 765653.
7, 109379
List the prime factors of 18072655.
5, 29, 113, 1103
List the prime factors of 35652.
2, 3, 2971
What are the prime factors of 1878962?
2, 23, 40847
List the prime factors of 1046317.
367, 2851
What are the prime factors of 433460?
2, 5, 21673
What are the prime factors of 1859792?
2, 11, 10567
List the prime factors of 2916122.
2, 11, 83, 1597
List the prime factors of 12409632.
2, 3, 53, 271
What are the prime factors of 1316404?
2, 329101
What are the prime factors of 1240086?
2, 3, 41, 71
What are the prime factors of 1018333?
67, 15199
List the prime factors of 617611.
563, 1097
What are the prime factors of 165014?
2, 82507
List the prime factors of 1364177.
1364177
What are the prime factors of 2482145?
5, 37, 13417
What are the prime factors of 5280386?
2, 23, 191, 601
What are the prime factors of 1311251?
1311251
List the prime factors of 2613609.
3, 149, 1949
List the prime factors of 668926.
2, 61, 5483
List the prime factors of 642470.
2, 5, 41, 1567
List the prime factors of 25267409.
23, 71, 15473
List the prime factors of 6091048.
2, 761381
What are the prime factors of 7029?
3, 11, 71
List the prime factors of 26718980.
2, 5, 1335949
What are the prime factors of 6836044?
2, 109, 15679
What are the prime factors of 66056?
2, 23, 359
What are the prime factors of 21598397?
509, 42433
What are the prime factors of 1005005?
5, 19, 71, 149
List the prime factors of 20319.
3, 13, 521
What are the prime factors of 338098?
2, 169049
What are the prime factor